w(o) be the second derivative of p(o). Determine w(d).
-3
Let k(o) = -o**2 + 3*o + 1. Let s(w) = w - w + 2*w. Suppose 5*y = -5 + 10. Let b be s(y). Calculate k(b).
3
Let w(l) be the third derivative of -l**6/120 - l**5/20 - l**4/24 + l**2. Let b(c) = -3*c**3 - 5*c**2 - 2*c + 1. Let h(a) = 2*b(a) - 5*w(a). What is h(5)?
7
Let y(t) = t**3 - 12*t**2 + t - 5. Let a be y(12). Suppose a - 1 = g. Let n(j) = j**3 - 7*j**2 + 5*j - 2. What is n(g)?
-8
Let m = 6 - 2. Let i(t) = -7*t**3 - 6*t**3 + t + 2 + 12*t**3 + 6*t**2 - 2*t**2. What is i(m)?
6
Let h(v) = 2*v + 6. Suppose -x + 6*b - 130 = b, 5*x - 3*b = -628. Let j be x/30 - (-1)/6. Give h(j).
-2
Let w(r) be the second derivative of -r**6/360 + r**4/3 - 4*r. Let p(o) be the third derivative of w(o). Determine p(-1).
2
Let q(k) = -4*k**2 + 6*k + 4. Let l(i) = -7*i**2 + 11*i + 7. Let d(x) = 3*l(x) - 5*q(x). Determine d(2).
3
Let a(n) = -n**3 - 6*n**2 - 2*n + 7. Let p = 25 + -23. Let l = -3 - p. What is a(l)?
-8
Let z = -4 - -6. Let u(y) = -y + 2. Let s(m) = m - 3. Let d(g) = 2*s(g) + 3*u(g). What is d(z)?
-2
Let k(l) = l**3 - 3*l**2 - 5*l. Let f be k(4). Let v(y) = 14*y + 6*y - 21*y. Give v(f).
4
Let w(l) = -3*l + 2. Let z be (-6)/(-21) + (-108)/(-14). Suppose -12 = -z*y + 5*y. What is w(y)?
-10
Let m(v) = -11*v + 1. Let t(d) = -2*d + 9. Let p be t(4). Determine m(p).
-10
Let j(v) be the third derivative of -v**4/24 + 5*v**3/6 - 4*v**2. Let r be 2/(-2) + (-7 - -8). Calculate j(r).
5
Let o(r) = -r**2 + r + 2. Let c be o(0). Let p(k) = -2 - 7*k + 0 + 2*k - k**c. Calculate p(-3).
4
Let u be (-3)/(-12) + 3/4. Suppose 0 = -4*h - 5*g + 22, -h + u = -g - 0. Let x(v) = 4 + v + h - 3. Determine x(-3).
1
Suppose 2*v = -2*i, -i - 2*v + 1 = -0*i. Let n be (0 + i)/((-1)/3). Suppose 5 = n*d - 2*d. Let p(g) = -g + 3. Calculate p(d).
-2
Let c be (-4)/16 - 9/(-4). Let o(z) = -5*z + 2. Determine o(c).
-8
Let z be (-6)/(-2) - (1 + 0). Let r(v) = 0 - 3*v + 1 + 5 - 2*v**z - 3. Suppose -u - 3 = -0. Give r(u).
-6
Let l(m) = -m**3 - 5*m**2 - 4*m - 1. Let k(q) = q + 8. Let b be k(6). Let d = 10 - b. Determine l(d).
-1
Let x(s) be the third derivative of -s**5/120 - 2*s**3/3 - s**2. Let w(u) be the first derivative of x(u). Determine w(-4).
4
Let j(y) = 4*y + 3. Let o(z) = -z - 1. Let p(t) = j(t) + 3*o(t). Let a = -3 + 2. Let d = a - 0. Calculate p(d).
-1
Let u(b) = -2*b**2 + 0*b**2 - 4*b**2 + b. What is u(1)?
-5
Suppose -5*f + 20 = 2*h, 2*h + f = 4 + 8. Let k(g) = -5*g**2 + 6*g - 1. Let b(q) = 4*q**2 - 6*q + 2. Let x(m) = -4*b(m) - 3*k(m). Determine x(h).
0
Let g(y) = 6*y + 3. Suppose 0 = p - 2 - 6. Let c be (p/(-12))/((-4)/(-18)). Determine g(c).
-15
Let k(u) = u - 2. Let c(v) be the third derivative of v**6/120 + 2*v**5/15 + v**4/24 + v**3/2 - 3*v**2. Let m be c(-8). What is k(m)?
-7
Let n be 0 + -2 - 0/5. Let k(l) = l**2 - 3*l - 1. Calculate k(n).
9
Let v = 19 + -13. Let i(y) = y**2 + 0*y**2 + 2*y - 8*y. Determine i(v).
0
Let t(a) = -6*a + 1. Suppose -7*o + 2 = -5*o. Calculate t(o).
-5
Let b(f) = -f**2 - 3*f + 5. Let x = 0 + 4. Suppose q = d, -5*d - 4*q = -x*d. Let p = -4 - d. What is b(p)?
1
Let p(o) = -5*o**2 + 3*o - 4. Let x(i) = -4*i**2 + 2*i - 3. Let a(l) = 5*p(l) - 6*x(l). What is a(2)?
0
Let j(i) = i**2 + 7*i - 3. Let d = 2 + 3. Suppose 0 = -f - d*t + 9, 0*f + 6 = -3*f - 4*t. Determine j(f).
-9
Let u(p) = -p + 5. Let t = 3 + 1. Let o be u(t). Let i(b) = 3*b**3 - b**2 + 1. Let m be i(o). Let a(g) = 2*g - 4. Determine a(m).
2
Let p(s) = -2*s - 1270 + 27*s**3 + 3*s - s**2 + 1270. Give p(1).
27
Let t be -3 + 1/(0 - 1). Let s(d) = 6*d + 5*d**2 - 1 + d**3 - 3*d + 0*d**3. What is s(t)?
3
Suppose -2*i = -0*i. Let p be i/4 + (-2)/2. Let h(d) = -2*d**2. Give h(p).
-2
Let f(h) = -3*h**3 + 16*h**2 + 10*h - 6. Let y(u) = -u**3 + u**2 + 1. Let p(x) = -f(x) + 4*y(x). What is p(-11)?
-1
Suppose 0 = -p - 2*z + 9, 4*p - z - 4*z + 3 = 0. Let m(y) = y**3 - 2*y**2 + y. What is m(p)?
12
Suppose 0 = -5*u - 2 + 17. Let j(o) = -u*o + 13 + 4*o - 5*o - o**2 - 4*o. Let n be j(-9). Let m(v) = -2*v + 3. What is m(n)?
-5
Let m(s) be the second derivative of -s**7/2520 - s**6/360 - s**5/120 - s**4/4 - s. Let o(c) be the third derivative of m(c). Calculate o(-2).
-1
Suppose -15 = -p - 3. Let o = p - 17. Let d(j) = 2*j + 4. Calculate d(o).
-6
Let h(c) be the first derivative of -1/4*c**4 + 0*c**3 + 1/2*c**2 + 3*c + 3. Give h(0).
3
Let c(x) = -x + 2 - 7 + 1 - 6. Calculate c(-6).
-4
Let u be 32/6 - 3/9. Let m(s) = -7 - 1 + 4 + s. What is m(u)?
1
Suppose 4*b = -5*w + 5 + 12, 5*b = -5*w + 20. Suppose 2*j + j + b*r = 3, 19 = j - 5*r. Let s(f) = f**2 - 2*f - 2. Determine s(j).
6
Let u(y) be the first derivative of -y**5/20 - y**4/12 + y**3/6 - 5*y**2 - 4*y - 3. Let i(j) be the first derivative of u(j). What is i(0)?
-10
Let d(w) = -w - 4. Let f be d(-8). Suppose f*y - 3 + 11 = 0. Let n(u) = -4*u**2 - 3*u. Give n(y).
-10
Let m be 0 - 2 - (2 - 6). Suppose -4*x - 22 = -m*z, 55 = -2*z + 7*z + 3*x. Let k = 17 - z. Let i(l) = l**3 - 7*l**2 + 7*l - 7. What is i(k)?
-1
Let y be 18/(-81) - (-38)/9. Suppose y*l - 12 - 4 = 0. Let b(j) = j**3 - 5*j**2 + 5*j - 3. Give b(l).
1
Let l be (1 - 1)*(3 + -4). Let c(w) = w**2 - w - 5. Give c(l).
-5
Let p(v) = -v - 2. Let l(x) = x**2 + 7*x - 8. Let i be l(-8). Suppose 3*a + i = -9. Give p(a).
1
Suppose -2*t + 11 - 39 = -3*b, -3*b - 7 = 5*t. Let r(y) = -1 + 14 + y - 2*y. Calculate r(b).
7
Let r(c) = -c**2 - 7*c - 2. Let f = -139 + 133. What is r(f)?
4
Let b(c) be the first derivative of c**2 - 4/3*c**3 + 2*c - 1 - 1/4*c**4. What is b(-4)?
-6
Let b = 30 - 20. Suppose 3*m - 3*y - 9 = 0, -5*m + 5 = -3*y - b. Let f(k) = 0*k + 2*k + 2 + m*k - 1. Calculate f(1).
6
Let x(k) = 5*k + 1 - 2*k**3 - 4*k**2 + 2*k**2 - k**2. Let s(n) = n**3 + 1. Let m(r) = s(r) + x(r). Let j(h) = 2*h + 6. Let f be j(-5). Give m(f).
-2
Let c(b) = b - 2. Let u be c(4). Let q(w) = -3*w + u*w - 2*w + w**2. Let v = 28 - 25. Give q(v).
0
Let f = -6 + 2. Let o = 5 + -3. Let i(z) = z + o*z + 5 - 4*z. What is i(f)?
9
Let s(z) = z + 2. Suppose -8 = -15*y + 13*y. Determine s(y).
6
Let j(c) = c**2. Let h(p) = -10*p**2 - 2*p + 1. Let i(o) = -h(o) - 4*j(o). Determine i(1).
7
Let n(x) = -8*x - 6. Let w(h) = -7*h - 5. Let c(f) = -6*n(f) + 7*w(f). Give c(-3).
4
Let s(o) = -4*o**3 + o**2 + 6*o + 2. Let z(l) = -l**3 - l**2. Let q(p) = s(p) - 5*z(p). What is q(-4)?
10
Let j(p) = -2*p + 1. Let x(n) = -3*n + 5*n + 2 - 4*n. Let g(t) = -3*j(t) + 2*x(t). Let i(a) = a + 11. Let l be i(-8). Determine g(l).
7
Let z(i) = i**2 + 2*i + 1. Let k be z(-2). Let x(t) = 5*t + 3 - 4 + 1 - k. Determine x(2).
9
Let y(c) = c**3 + 2*c**2 + c - 5. Let f(z) = -z**3 - z**2 + 6. Let w(o) = -4*f(o) - 5*y(o). Give w(-5).
1
Let n(x) = 3*x**2 - x + 0*x - x**3 + 1 - 3. Suppose 3*q = -4*f + 1, 0*q + 2*f = -4*q + 8. Give n(q).
-5
Let i = -4 + 6. Let o(x) = i*x - 2*x**2 + 3*x**2 - 5 - 7*x. Calculate o(5).
-5
Let w be 1/6 - 46/(-12). Let n(p) = -46 + 23 + 26 - 2*p. Calculate n(w).
-5
Let w(i) = -7*i + 1. Suppose -q + 5*l = -24, 4*l + 22 = -0*q - 2*q. Determine w(q).
8
Let k(z) be the third derivative of z**8/20160 + z**7/1260 - z**6/360 - z**5/30 + z**2. Let j(q) be the third derivative of k(q). Calculate j(-4).
-2
Let z(a) = -a**2 - 7*a + 5. Let p = -17 + 11. Calculate z(p).
11
Let s(x) = x**2 + 7*x - 1. Let j(g) = -g**3 + 4*g**2 - 3*g + 2. Let w be j(3). Let d(b) = 5*b**2 + 28*b - 3. Let t(q) = w*d(q) - 9*s(q). Determine t(6).
-3
Suppose -7*h - h + 64 = 0. Let w = -4 + h. Let b(x) = x**2 - 5*x - 2. Give b(w).
-6
Suppose 4*v = -4*b - 20, 5*v = 2*b + v - 20. Let t be b/((-2 - 0) + 1). Let h(k) = k**3 + k**2 + k - 5. What is h(t)?
-5
Let x(m) = m + 10. Let n(r) be the third derivative of r**4/24 + 3*r**3/2 - 4*r**2. Let i(q) = -4*n(q) + 3*x(q). Determine i(-5).
-1
Let v(m) be the third derivative of m**5/60 - 5*m**3/6 + m**2. Let k(q) = q**2 - 6*q. Let s be k(6). Calculate v(s).
-5
Let w(j) be the second derivative of 2*j + 0 - 1/6*j**3 - j**2. Determine w(2).
-4
Let d(z) = z + 7 + 0 - 4 + z**2. Determine d(-3).
9
Suppose 0 = -9*m - 2*m + 44. Let a(n) = 4*n - 8. Let k(v) = -7*v + 15. Let c(y) = 5*a(y) + 3*k(y). Calculate c(m).
1
Suppose 5*b = -98 + 248. Let n be ((-2)/5)/((-6)/b). Let l(a) = 2*a**3 - 3*a**2 + 3*a - 3. What is l(n)?
7
Let j be (7/(21/2))/((-6)/9). Let t(v) = 9*v**3 - 1. What is t(j)?
-10
Let m 